{"id":219,"date":"2024-06-19T17:13:58","date_gmt":"2024-06-19T15:13:58","guid":{"rendered":"https:\/\/prefia-entreprise.fr\/?page_id=219"},"modified":"2024-10-31T14:04:18","modified_gmt":"2024-10-31T13:04:18","slug":"mentions-legales","status":"publish","type":"page","link":"https:\/\/prefia-entreprise.fr\/index.php\/nos-solutions\/mentions-legales\/","title":{"rendered":"Mentions L\u00e9gales"},"content":{"rendered":"<header class=\"entry-header ast-no-thumbnail\">\n<h1 class=\"entry-title\"><span style=\"font-size: 16px;\">RT Assurances, op\u00e9rant sous le nom commercial Prefia Entreprise, met \u00e0 votre disposition les informations suivantes conform\u00e9ment \u00e0 la l\u00e9gislation fran\u00e7aise.<\/span><\/h1>\n<\/header>\n<div class=\"entry-content clear\">\n<p><strong>\u00c9diteur du site<\/strong> :<br \/>\nNom de l\u2019entreprise : RT Assurances<br \/>\nNom commercial : Prefia Entreprise<br \/>\nAdresse : 12 Rue de la Brasserie, 44100 Nantes, France<br \/>\nT\u00e9l\u00e9phone : +33 <a href=\"https:\/\/www.google.com\/search?client=safari&amp;rls=en&amp;q=rt+assurances&amp;ie=UTF-8&amp;oe=UTF-8#\" data-dtype=\"d3ph\" data-local-attribute=\"d3ph\" data-ved=\"2ahUKEwjMnPiC9ueGAxWWUkEAHY-ID-oQkAgoAHoECCYQAg\"><span aria-label=\"Appeler le 02 51 72 96 30\">2 51 72 96 30<\/span><\/a><br \/>\nEmail : <a rel=\"noreferrer\">contact@prefia-immobilier.fr<\/a><br \/>\nForme juridique : SARL<br \/>\nCapital social : 60\u00a0000,00 \u20ac<br \/>\nRCS : Nantes B 514 983 246<br \/>\nSIRET : 51498324600034<\/p>\n<p>Activit\u00e9 r\u00e9gie par le Code des assurances. L&rsquo;autorit\u00e9 comp\u00e9tente est l&rsquo;ACPR (Autorit\u00e9 de Contr\u00f4le Prudentiel et de R\u00e9solution), 4 Place de Budapest, CS 92459, 75436 Paris Cedex 09<\/p>\n<p><strong>Directeur de la publication<\/strong> :<br \/>\nNom : Renaud Tatard<\/p>\n<p><strong>H\u00e9bergeur du site<\/strong> :<br \/>\nNom : HOSTINGER INTERNATIONAL LTD<br \/>\nAdresse : 61 Lordou Vironos Street, 6023 Larnaca, Chypre<br \/>\nJoignable par le moyen suivant :<a href=\"https:\/\/www.hostinger.fr\/contact\" target=\"_blank\" rel=\"noopener\">https:\/\/www.hostinger.fr\/contact<\/a><\/p>\n<p><strong>Informations relatives \u00e0 l&rsquo;activit\u00e9 de courtage d\u2019assurance<\/strong> :<br \/>\nNum\u00e9ro d\u2019immatriculation \u00e0 l\u2019ORIAS : 10053490<br \/>\nAutorit\u00e9 de tutelle : ACPR (Autorit\u00e9 de Contr\u00f4le Prudentiel et de R\u00e9solution), 4 Place de Budapest, CS 92459, 75436 Paris Cedex 09<\/p>\n<p>RT Assurances n\u2019est pas soumis \u00e0 une obligation contractuelle de travailler exclusivement avec une ou plusieurs entreprises d\u2019assurance et se pr\u00e9vaut d\u2019une analyse impartiale et personnalis\u00e9e analysant un nombre suffisant de contrats d\u2019assurances offerts sur le march\u00e9.<\/p>\n<div><strong>Assurance Responsabilit\u00e9 Civile Professionnelle \u2013 Garantie financi\u00e8re :\u00a0<\/strong><\/div>\n<div>Conform\u00e9ment aux dispositions des articles \u00a0L 512-6 et L 512-7 du Code des Assurances, RT Assurances justifie de ses obligations en mati\u00e8re de garantie financi\u00e8re et d\u2019assurance responsabilit\u00e9 civile professionnelle de courtier d\u2019assurances.<\/div>\n<p>&nbsp;<\/p>\n<p><strong>Traitement des r\u00e9clamations :<\/strong><\/p>\n<p>Pour toute r\u00e9clamation relative \u00e0 notre intervention en qualit\u00e9 de courtier d\u2019assurance, vous pouvez vous adresser \u00e0 :<\/p>\n<ul>\n<li>Adresse email pour les r\u00e9clamations : <a rel=\"noreferrer\">reclamations@prefia-immobilier.fr<\/a><\/li>\n<li>Adresse postale pour les r\u00e9clamations : RT Assurances, 12 Rue de la Brasserie, 44000 Nantes, France<\/li>\n<\/ul>\n<p>Si notre r\u00e9ponse ne vous apporte pas enti\u00e8re satisfaction ou pour toute r\u00e9clamation li\u00e9e \u00e0 l\u2019ex\u00e9cution de votre contrat d\u2019assurance, vous pouvez vous rapprocher du service R\u00e9clamations de l\u2019assureur, selon les modalit\u00e9s indiqu\u00e9es aux Conditions g\u00e9n\u00e9rales de votre contrat.<\/p>\n<p><strong>Protection des donn\u00e9es personnelles<\/strong> :<br \/>\nRT Assurances respecte votre vie priv\u00e9e et s\u2019engage \u00e0 prot\u00e9ger vos donn\u00e9es personnelles. Pour en savoir plus, veuillez consulter notre <a href=\"https:\/\/prefia-immobilier.fr\/mention-legale\/#\" rel=\"noreferrer\">Politique de Confidentialit\u00e9<\/a>.<br \/>\nDroits des utilisateurs : Conform\u00e9ment \u00e0 la loi \u00ab Informatique et Libert\u00e9s \u00bb, vous disposez d\u2019un droit d\u2019acc\u00e8s, de rectification, d\u2019opposition et de suppression des donn\u00e9es vous concernant.<br \/>\nPour exercer ces droits, veuillez nous contacter \u00e0 l\u2019adresse suivante :<br \/>\nEmail : <a rel=\"noreferrer\">contact@prefia-entreprise.fr<\/a><br \/>\nAdresse postale : RT Assurances, D\u00e9l\u00e9gu\u00e9 \u00e0 la Protection des Donn\u00e9es, 12 Rue de la Brasserie, 44100 Nantes, France<\/p>\n<p>En cas de difficult\u00e9 en lien avec la gestion de vos donn\u00e9es personnelles , vous pouvez adresser une r\u00e9clamation aupr\u00e8s de la Commission Nationale de l&rsquo;Informatique et des Libert\u00e9s (CNIL) :<\/p>\n<ul>\n<li>Par courrier au : 3 Place de Fontenoy &#8211; TSA 80715 &#8211; 75334 PARIS CEDEX 07<\/li>\n<li><span style=\"font-size: 16px;\">Par t\u00e9l\u00e9phone au : 01 53 73 22 22<\/span><span style=\"font-size: 16px;\">\u00a0 \u00a0 \u00a0 \u00a0 \u00a0 \u00a0 \u00a0 \u00a0<\/span><\/li>\n<\/ul>\n<p><strong>Conditions g\u00e9n\u00e9rales d\u2019utilisation (CGU)<\/strong> :<br \/>\nVeuillez consulter nos <a href=\"https:\/\/prefia-immobilier.fr\/mention-legale\/#\" rel=\"noreferrer\">Conditions G\u00e9n\u00e9rales d\u2019Utilisation<\/a> pour conna\u00eetre les conditions d\u2019utilisation de notre site.<\/p>\n<p><strong>Propri\u00e9t\u00e9 intellectuelle<\/strong> :<br \/>\nTous les contenus pr\u00e9sents sur ce site (textes, images, logos, etc.) sont la propri\u00e9t\u00e9 de RT Assurances ou de ses partenaires. Toute reproduction, revente, distribution ou utilisation sans autorisation est strictement interdite.<\/p>\n<p><strong>Responsabilit\u00e9<\/strong> :<br \/>\nRT Assurances s\u2019efforce de fournir des informations pr\u00e9cises et \u00e0 jour sur son site. Toutefois, nous ne pouvons garantir l\u2019exactitude, la compl\u00e9tude ou l\u2019actualit\u00e9 des informations fournies. RT Assurances d\u00e9cline toute responsabilit\u00e9 en cas de dommages directs ou indirects r\u00e9sultant de l\u2019utilisation du site ou de l\u2019impossibilit\u00e9 d\u2019y acc\u00e9der.<\/p>\n<p>En cas de liens hypertextes vers d\u2019autres sites, RT Assurances n\u2019assume aucune responsabilit\u00e9 quant au contenu de ces sites.<\/p>\n<\/div>\n<p>&nbsp;<\/p>\n","protected":false},"excerpt":{"rendered":"<p>RT Assurances, op\u00e9rant sous le nom commercial Prefia Entreprise, met \u00e0 votre disposition les informations suivantes conform\u00e9ment \u00e0 la l\u00e9gislation fran\u00e7aise. \u00c9diteur du site : Nom de l\u2019entreprise : RT Assurances Nom commercial : Prefia Entreprise Adresse : 12 Rue de la Brasserie, 44100 Nantes, France T\u00e9l\u00e9phone : +33 2 51 72 96 30 Email [&hellip;]<\/p>\n","protected":false},"author":1,"featured_media":0,"parent":116,"menu_order":0,"comment_status":"closed","ping_status":"closed","template":"","meta":{"site-sidebar-layout":"default","site-content-layout":"","ast-site-content-layout":"default","site-content-style":"default","site-sidebar-style":"default","ast-global-header-display":"","ast-banner-title-visibility":"","ast-main-header-display":"","ast-hfb-above-header-display":"","ast-hfb-below-header-display":"","ast-hfb-mobile-header-display":"","site-post-title":"","ast-breadcrumbs-content":"","ast-featured-img":"","footer-sml-layout":"","theme-transparent-header-meta":"default","adv-header-id-meta":"","stick-header-meta":"","header-above-stick-meta":"","header-main-stick-meta":"","header-below-stick-meta":"","astra-migrate-meta-layouts":"set","ast-page-background-enabled":"default","ast-page-background-meta":{"desktop":{"background-color":"var(--ast-global-color-4)","background-image":"","background-repeat":"repeat","background-position":"center center","background-size":"auto","background-attachment":"scroll","background-type":"","background-media":"","overlay-type":"","overlay-color":"","overlay-gradient":""},"tablet":{"background-color":"","background-image":"","background-repeat":"repeat","background-position":"center center","background-size":"auto","background-attachment":"scroll","background-type":"","background-media":"","overlay-type":"","overlay-color":"","overlay-gradient":""},"mobile":{"background-color":"","background-image":"","background-repeat":"repeat","background-position":"center center","background-size":"auto","background-attachment":"scroll","background-type":"","background-media":"","overlay-type":"","overlay-color":"","overlay-gradient":""}},"ast-content-background-meta":{"desktop":{"background-color":"var(--ast-global-color-5)","background-image":"","background-repeat":"repeat","background-position":"center center","background-size":"auto","background-attachment":"scroll","background-type":"","background-media":"","overlay-type":"","overlay-color":"","overlay-gradient":""},"tablet":{"background-color":"var(--ast-global-color-5)","background-image":"","background-repeat":"repeat","background-position":"center center","background-size":"auto","background-attachment":"scroll","background-type":"","background-media":"","overlay-type":"","overlay-color":"","overlay-gradient":""},"mobile":{"background-color":"var(--ast-global-color-5)","background-image":"","background-repeat":"repeat","background-position":"center center","background-size":"auto","background-attachment":"scroll","background-type":"","background-media":"","overlay-type":"","overlay-color":"","overlay-gradient":""}},"footnotes":""},"class_list":["post-219","page","type-page","status-publish","hentry"],"yoast_head":"<!-- This site is optimized with the Yoast SEO plugin v25.0 - https:\/\/yoast.com\/wordpress\/plugins\/seo\/ -->\n<title>Mentions L\u00e9gales -<\/title>\n<meta name=\"robots\" content=\"index, follow, max-snippet:-1, max-image-preview:large, max-video-preview:-1\" \/>\n<link rel=\"canonical\" href=\"https:\/\/prefia-entreprise.fr\/index.php\/nos-solutions\/mentions-legales\/\" \/>\n<meta property=\"og:locale\" content=\"fr_FR\" \/>\n<meta property=\"og:type\" content=\"article\" \/>\n<meta property=\"og:title\" content=\"Mentions L\u00e9gales -\" \/>\n<meta property=\"og:description\" content=\"RT Assurances, op\u00e9rant sous le nom commercial Prefia Entreprise, met \u00e0 votre disposition les informations suivantes conform\u00e9ment \u00e0 la l\u00e9gislation fran\u00e7aise. \u00c9diteur du site : Nom de l\u2019entreprise : RT Assurances Nom commercial : Prefia Entreprise Adresse : 12 Rue de la Brasserie, 44100 Nantes, France T\u00e9l\u00e9phone : +33 2 51 72 96 30 Email [&hellip;]\" \/>\n<meta property=\"og:url\" content=\"https:\/\/prefia-entreprise.fr\/index.php\/nos-solutions\/mentions-legales\/\" \/>\n<meta property=\"article:modified_time\" content=\"2024-10-31T13:04:18+00:00\" \/>\n<meta name=\"twitter:card\" content=\"summary_large_image\" \/>\n<meta name=\"twitter:label1\" content=\"Dur\u00e9e de lecture estim\u00e9e\" \/>\n\t<meta name=\"twitter:data1\" content=\"3 minutes\" \/>\n<script type=\"application\/ld+json\" class=\"yoast-schema-graph\">{\"@context\":\"https:\/\/schema.org\",\"@graph\":[{\"@type\":\"WebPage\",\"@id\":\"https:\/\/prefia-entreprise.fr\/index.php\/nos-solutions\/mentions-legales\/\",\"url\":\"https:\/\/prefia-entreprise.fr\/index.php\/nos-solutions\/mentions-legales\/\",\"name\":\"Mentions L\u00e9gales -\",\"isPartOf\":{\"@id\":\"https:\/\/prefia-entreprise.fr\/#website\"},\"datePublished\":\"2024-06-19T15:13:58+00:00\",\"dateModified\":\"2024-10-31T13:04:18+00:00\",\"breadcrumb\":{\"@id\":\"https:\/\/prefia-entreprise.fr\/index.php\/nos-solutions\/mentions-legales\/#breadcrumb\"},\"inLanguage\":\"fr-FR\",\"potentialAction\":[{\"@type\":\"ReadAction\",\"target\":[\"https:\/\/prefia-entreprise.fr\/index.php\/nos-solutions\/mentions-legales\/\"]}]},{\"@type\":\"BreadcrumbList\",\"@id\":\"https:\/\/prefia-entreprise.fr\/index.php\/nos-solutions\/mentions-legales\/#breadcrumb\",\"itemListElement\":[{\"@type\":\"ListItem\",\"position\":1,\"name\":\"Accueil\",\"item\":\"https:\/\/prefia-entreprise.fr\/\"},{\"@type\":\"ListItem\",\"position\":2,\"name\":\"Nos solutions\",\"item\":\"https:\/\/prefia-entreprise.fr\/index.php\/nos-solutions\/\"},{\"@type\":\"ListItem\",\"position\":3,\"name\":\"Mentions L\u00e9gales\"}]},{\"@type\":\"WebSite\",\"@id\":\"https:\/\/prefia-entreprise.fr\/#website\",\"url\":\"https:\/\/prefia-entreprise.fr\/\",\"name\":\"\",\"description\":\"\",\"potentialAction\":[{\"@type\":\"SearchAction\",\"target\":{\"@type\":\"EntryPoint\",\"urlTemplate\":\"https:\/\/prefia-entreprise.fr\/?s={search_term_string}\"},\"query-input\":{\"@type\":\"PropertyValueSpecification\",\"valueRequired\":true,\"valueName\":\"search_term_string\"}}],\"inLanguage\":\"fr-FR\"}]}<\/script>\n<!-- \/ Yoast SEO plugin. -->","yoast_head_json":{"title":"Mentions L\u00e9gales -","robots":{"index":"index","follow":"follow","max-snippet":"max-snippet:-1","max-image-preview":"max-image-preview:large","max-video-preview":"max-video-preview:-1"},"canonical":"https:\/\/prefia-entreprise.fr\/index.php\/nos-solutions\/mentions-legales\/","og_locale":"fr_FR","og_type":"article","og_title":"Mentions L\u00e9gales -","og_description":"RT Assurances, op\u00e9rant sous le nom commercial Prefia Entreprise, met \u00e0 votre disposition les informations suivantes conform\u00e9ment \u00e0 la l\u00e9gislation fran\u00e7aise. \u00c9diteur du site : Nom de l\u2019entreprise : RT Assurances Nom commercial : Prefia Entreprise Adresse : 12 Rue de la Brasserie, 44100 Nantes, France T\u00e9l\u00e9phone : +33 2 51 72 96 30 Email [&hellip;]","og_url":"https:\/\/prefia-entreprise.fr\/index.php\/nos-solutions\/mentions-legales\/","article_modified_time":"2024-10-31T13:04:18+00:00","twitter_card":"summary_large_image","twitter_misc":{"Dur\u00e9e de lecture estim\u00e9e":"3 minutes"},"schema":{"@context":"https:\/\/schema.org","@graph":[{"@type":"WebPage","@id":"https:\/\/prefia-entreprise.fr\/index.php\/nos-solutions\/mentions-legales\/","url":"https:\/\/prefia-entreprise.fr\/index.php\/nos-solutions\/mentions-legales\/","name":"Mentions L\u00e9gales -","isPartOf":{"@id":"https:\/\/prefia-entreprise.fr\/#website"},"datePublished":"2024-06-19T15:13:58+00:00","dateModified":"2024-10-31T13:04:18+00:00","breadcrumb":{"@id":"https:\/\/prefia-entreprise.fr\/index.php\/nos-solutions\/mentions-legales\/#breadcrumb"},"inLanguage":"fr-FR","potentialAction":[{"@type":"ReadAction","target":["https:\/\/prefia-entreprise.fr\/index.php\/nos-solutions\/mentions-legales\/"]}]},{"@type":"BreadcrumbList","@id":"https:\/\/prefia-entreprise.fr\/index.php\/nos-solutions\/mentions-legales\/#breadcrumb","itemListElement":[{"@type":"ListItem","position":1,"name":"Accueil","item":"https:\/\/prefia-entreprise.fr\/"},{"@type":"ListItem","position":2,"name":"Nos solutions","item":"https:\/\/prefia-entreprise.fr\/index.php\/nos-solutions\/"},{"@type":"ListItem","position":3,"name":"Mentions L\u00e9gales"}]},{"@type":"WebSite","@id":"https:\/\/prefia-entreprise.fr\/#website","url":"https:\/\/prefia-entreprise.fr\/","name":"","description":"","potentialAction":[{"@type":"SearchAction","target":{"@type":"EntryPoint","urlTemplate":"https:\/\/prefia-entreprise.fr\/?s={search_term_string}"},"query-input":{"@type":"PropertyValueSpecification","valueRequired":true,"valueName":"search_term_string"}}],"inLanguage":"fr-FR"}]}},"_links":{"self":[{"href":"https:\/\/prefia-entreprise.fr\/index.php\/wp-json\/wp\/v2\/pages\/219","targetHints":{"allow":["GET"]}}],"collection":[{"href":"https:\/\/prefia-entreprise.fr\/index.php\/wp-json\/wp\/v2\/pages"}],"about":[{"href":"https:\/\/prefia-entreprise.fr\/index.php\/wp-json\/wp\/v2\/types\/page"}],"author":[{"embeddable":true,"href":"https:\/\/prefia-entreprise.fr\/index.php\/wp-json\/wp\/v2\/users\/1"}],"replies":[{"embeddable":true,"href":"https:\/\/prefia-entreprise.fr\/index.php\/wp-json\/wp\/v2\/comments?post=219"}],"version-history":[{"count":16,"href":"https:\/\/prefia-entreprise.fr\/index.php\/wp-json\/wp\/v2\/pages\/219\/revisions"}],"predecessor-version":[{"id":384,"href":"https:\/\/prefia-entreprise.fr\/index.php\/wp-json\/wp\/v2\/pages\/219\/revisions\/384"}],"up":[{"embeddable":true,"href":"https:\/\/prefia-entreprise.fr\/index.php\/wp-json\/wp\/v2\/pages\/116"}],"wp:attachment":[{"href":"https:\/\/prefia-entreprise.fr\/index.php\/wp-json\/wp\/v2\/media?parent=219"}],"curies":[{"name":"wp","href":"https:\/\/api.w.org\/{rel}","templated":true}]}}