{"id":128,"date":"2024-06-17T16:41:54","date_gmt":"2024-06-17T14:41:54","guid":{"rendered":"https:\/\/prefia-entreprise.fr\/?page_id=128"},"modified":"2024-06-24T09:12:54","modified_gmt":"2024-06-24T07:12:54","slug":"risque-cybersecurite","status":"publish","type":"page","link":"https:\/\/prefia-entreprise.fr\/index.php\/risque-cybersecurite\/","title":{"rendered":"Risque Cybers\u00e9curit\u00e9"},"content":{"rendered":"\t\t<div data-elementor-type=\"wp-page\" data-elementor-id=\"128\" class=\"elementor elementor-128\">\n\t\t\t\t<div class=\"elementor-element elementor-element-aff2f9d e-flex e-con-boxed e-con e-parent\" data-id=\"aff2f9d\" data-element_type=\"container\" data-settings=\"{&quot;background_background&quot;:&quot;classic&quot;}\">\n\t\t\t\t\t<div class=\"e-con-inner\">\n\t\t<div class=\"elementor-element elementor-element-d96ba12 e-con-full e-flex e-con e-child\" data-id=\"d96ba12\" data-element_type=\"container\" data-settings=\"{&quot;background_background&quot;:&quot;classic&quot;}\">\n\t\t\t\t<div class=\"elementor-element elementor-element-aa08a0a elementor-widget elementor-widget-heading\" data-id=\"aa08a0a\" data-element_type=\"widget\" data-widget_type=\"heading.default\">\n\t\t\t\t<div class=\"elementor-widget-container\">\n\t\t\t<style>\/*! elementor - v3.22.0 - 26-06-2024 *\/\n.elementor-heading-title{padding:0;margin:0;line-height:1}.elementor-widget-heading .elementor-heading-title[class*=elementor-size-]>a{color:inherit;font-size:inherit;line-height:inherit}.elementor-widget-heading .elementor-heading-title.elementor-size-small{font-size:15px}.elementor-widget-heading .elementor-heading-title.elementor-size-medium{font-size:19px}.elementor-widget-heading .elementor-heading-title.elementor-size-large{font-size:29px}.elementor-widget-heading .elementor-heading-title.elementor-size-xl{font-size:39px}.elementor-widget-heading .elementor-heading-title.elementor-size-xxl{font-size:59px}<\/style><h2 class=\"elementor-heading-title elementor-size-default\">Risque cybers\u00e9curit\u00e9<\/h2>\t\t<\/div>\n\t\t\t\t<\/div>\n\t\t\t\t<div class=\"elementor-element elementor-element-84421c0 elementor-widget elementor-widget-button\" data-id=\"84421c0\" data-element_type=\"widget\" data-widget_type=\"button.default\">\n\t\t\t\t<div class=\"elementor-widget-container\">\n\t\t\t\t\t<div class=\"elementor-button-wrapper\">\n\t\t\t<a class=\"elementor-button elementor-button-link elementor-size-sm\" href=\"https:\/\/prefia-entreprise.fr\/index.php\/contactez-nous\/\">\n\t\t\t\t\t\t<span class=\"elementor-button-content-wrapper\">\n\t\t\t\t\t\t\t\t\t<span class=\"elementor-button-text\">Une question ? <\/span>\n\t\t\t\t\t<\/span>\n\t\t\t\t\t<\/a>\n\t\t<\/div>\n\t\t\t\t<\/div>\n\t\t\t\t<\/div>\n\t\t\t\t<\/div>\n\t\t\t\t\t<\/div>\n\t\t\t\t<\/div>\n\t\t<div class=\"elementor-element elementor-element-d5ad4f2 e-flex e-con-boxed e-con e-parent\" data-id=\"d5ad4f2\" data-element_type=\"container\">\n\t\t\t\t\t<div class=\"e-con-inner\">\n\t\t<div class=\"elementor-element elementor-element-a52e9b0 e-con-full e-flex e-con e-child\" data-id=\"a52e9b0\" data-element_type=\"container\" data-settings=\"{&quot;background_background&quot;:&quot;classic&quot;}\">\n\t\t\t\t<div class=\"elementor-element elementor-element-fa4ba48 elementor-widget elementor-widget-heading\" data-id=\"fa4ba48\" data-element_type=\"widget\" data-widget_type=\"heading.default\">\n\t\t\t\t<div class=\"elementor-widget-container\">\n\t\t\t<h2 class=\"elementor-heading-title elementor-size-default\">Qu'est-ce que c'est ?<\/h2>\t\t<\/div>\n\t\t\t\t<\/div>\n\t\t\t\t<div class=\"elementor-element elementor-element-3638351 elementor-widget elementor-widget-text-editor\" data-id=\"3638351\" data-element_type=\"widget\" data-widget_type=\"text-editor.default\">\n\t\t\t\t<div class=\"elementor-widget-container\">\n\t\t\t<style>\/*! elementor - v3.22.0 - 26-06-2024 *\/\n.elementor-widget-text-editor.elementor-drop-cap-view-stacked .elementor-drop-cap{background-color:#69727d;color:#fff}.elementor-widget-text-editor.elementor-drop-cap-view-framed .elementor-drop-cap{color:#69727d;border:3px solid;background-color:transparent}.elementor-widget-text-editor:not(.elementor-drop-cap-view-default) .elementor-drop-cap{margin-top:8px}.elementor-widget-text-editor:not(.elementor-drop-cap-view-default) .elementor-drop-cap-letter{width:1em;height:1em}.elementor-widget-text-editor .elementor-drop-cap{float:left;text-align:center;line-height:1;font-size:50px}.elementor-widget-text-editor .elementor-drop-cap-letter{display:inline-block}<\/style>\t\t\t\t<p>Une <strong>cyberattaque<\/strong> peut causer de graves dommages \u00e0 votre entreprise : <strong>syst\u00e8me informatique bloqu\u00e9<\/strong>, <strong>arr\u00eat de votre activit\u00e9<\/strong>, <strong>donn\u00e9es vol\u00e9es ou endommag\u00e9es<\/strong>.<\/p><p>La <strong>couverture Cyber<\/strong> intervient pour vous accompagner dans la <strong>d\u00e9tection<\/strong>, l&rsquo;<strong>\u00e9radication de l&rsquo;attaque<\/strong> et la <strong>restauration de vos sauvegardes<\/strong>.<\/p><p>Elle vous assiste \u00e9galement dans vos d\u00e9marches face aux <strong>tiers<\/strong> (CNIL, clients, fournisseurs, etc.) et couvre les cons\u00e9quences de votre <strong>arr\u00eat d&rsquo;activit\u00e9<\/strong>.<\/p>\t\t\t\t\t\t<\/div>\n\t\t\t\t<\/div>\n\t\t\t\t<\/div>\n\t\t<div class=\"elementor-element elementor-element-b808730 e-con-full e-flex e-con e-child\" data-id=\"b808730\" data-element_type=\"container\" data-settings=\"{&quot;background_background&quot;:&quot;classic&quot;}\">\n\t\t\t\t<div class=\"elementor-element elementor-element-cb26bdc elementor-widget elementor-widget-heading\" data-id=\"cb26bdc\" data-element_type=\"widget\" data-widget_type=\"heading.default\">\n\t\t\t\t<div class=\"elementor-widget-container\">\n\t\t\t<h2 class=\"elementor-heading-title elementor-size-default\">Quelles garanties ?<\/h2>\t\t<\/div>\n\t\t\t\t<\/div>\n\t\t\t\t<div class=\"elementor-element elementor-element-987b900 elementor-widget elementor-widget-text-editor\" data-id=\"987b900\" data-element_type=\"widget\" data-widget_type=\"text-editor.default\">\n\t\t\t\t<div class=\"elementor-widget-container\">\n\t\t\t\t\t\t\t<p>Prendre en charge l&rsquo;ensemble des <strong>co\u00fbts de d\u00e9tection<\/strong>, de <strong>blocage des attaques<\/strong>, de <strong>nettoyage des r\u00e9seaux et PC<\/strong>, de <strong>restauration des sauvegardes<\/strong> et de <strong>surveillance post\u00e9rieure<\/strong>.<\/p><p>Cette assurance couvre aussi votre <strong>responsabilit\u00e9 civile<\/strong>, li\u00e9e \u00e0 la <strong>perte de donn\u00e9es sensibles<\/strong> ou \u00e0 la <strong>propagation de virus<\/strong>.<\/p><p>Elle intervient \u00e9galement pour couvrir votre <strong>perte d&rsquo;exploitation<\/strong>, cons\u00e9cutive \u00e0 une <strong>attaque cyber<\/strong>.<\/p>\t\t\t\t\t\t<\/div>\n\t\t\t\t<\/div>\n\t\t\t\t<\/div>\n\t\t<div class=\"elementor-element elementor-element-3009b49 e-con-full e-flex e-con e-child\" data-id=\"3009b49\" data-element_type=\"container\" data-settings=\"{&quot;background_background&quot;:&quot;classic&quot;}\">\n\t\t\t\t<div class=\"elementor-element elementor-element-742114c elementor-widget elementor-widget-heading\" data-id=\"742114c\" data-element_type=\"widget\" data-widget_type=\"heading.default\">\n\t\t\t\t<div class=\"elementor-widget-container\">\n\t\t\t<h2 class=\"elementor-heading-title elementor-size-default\">Quels avantages ?<\/h2>\t\t<\/div>\n\t\t\t\t<\/div>\n\t\t\t\t<div class=\"elementor-element elementor-element-71cca92 elementor-widget elementor-widget-text-editor\" data-id=\"71cca92\" data-element_type=\"widget\" data-widget_type=\"text-editor.default\">\n\t\t\t\t<div class=\"elementor-widget-container\">\n\t\t\t\t\t\t\t<p>D\u00e8s suspicion d&rsquo;attaque, une <strong>\u00e9quipe de sp\u00e9cialistes<\/strong> intervient en urgence pour vous accompagner et r\u00e9duire les cons\u00e9quences de l&rsquo;attaque.<\/p><p>Des sp\u00e9cialistes se mobilisent pour informer la <strong>CNIL<\/strong>, vos <strong>clients<\/strong> et les <strong>tiers<\/strong>, et couvrent les <strong>frais engag\u00e9s<\/strong>.<\/p><p>La cotisation reste modeste compte tenu des <strong>risques<\/strong>.<\/p>\t\t\t\t\t\t<\/div>\n\t\t\t\t<\/div>\n\t\t\t\t<\/div>\n\t\t<div class=\"elementor-element elementor-element-9f9c968 e-con-full e-flex e-con e-child\" data-id=\"9f9c968\" data-element_type=\"container\" data-settings=\"{&quot;background_background&quot;:&quot;classic&quot;}\">\n\t\t\t\t<div class=\"elementor-element elementor-element-0750969 elementor-widget elementor-widget-heading\" data-id=\"0750969\" data-element_type=\"widget\" data-widget_type=\"heading.default\">\n\t\t\t\t<div class=\"elementor-widget-container\">\n\t\t\t<h2 class=\"elementor-heading-title elementor-size-default\">Pour qui ?<\/h2>\t\t<\/div>\n\t\t\t\t<\/div>\n\t\t\t\t<div class=\"elementor-element elementor-element-4c89374 elementor-widget elementor-widget-text-editor\" data-id=\"4c89374\" data-element_type=\"widget\" data-widget_type=\"text-editor.default\">\n\t\t\t\t<div class=\"elementor-widget-container\">\n\t\t\t\t\t\t\t<p>Toutes les <strong>entreprises<\/strong>, quelle que soit leur <strong>taille<\/strong> ou leur <strong>activit\u00e9<\/strong>, subissent tous les jours des <strong>attaques cyber<\/strong> : <strong>phishing<\/strong>, <strong>piratage de compte<\/strong>, <strong>spams<\/strong>, <strong>ransomwares<\/strong>, <strong>faux r\u00e9seaux Wi-Fi<\/strong>, <strong>vol de mots de passe<\/strong>, etc.<\/p><p><strong>Prot\u00e9gez-vous !<\/strong> Et soyez <strong>accompagn\u00e9s<\/strong> !<\/p>\t\t\t\t\t\t<\/div>\n\t\t\t\t<\/div>\n\t\t\t\t<\/div>\n\t\t\t\t\t<\/div>\n\t\t\t\t<\/div>\n\t\t<div class=\"elementor-element elementor-element-f31226d e-flex e-con-boxed e-con e-parent\" data-id=\"f31226d\" data-element_type=\"container\">\n\t\t\t\t\t<div class=\"e-con-inner\">\n\t\t\t\t<div class=\"elementor-element elementor-element-aac1db2 elementor-align-center elementor-widget elementor-widget-button\" data-id=\"aac1db2\" data-element_type=\"widget\" data-widget_type=\"button.default\">\n\t\t\t\t<div class=\"elementor-widget-container\">\n\t\t\t\t\t<div class=\"elementor-button-wrapper\">\n\t\t\t<a class=\"elementor-button elementor-button-link elementor-size-sm\" href=\"https:\/\/calendar.app.google\/3bQx5AiwmtYEbFBP9\" target=\"_blank\">\n\t\t\t\t\t\t<span class=\"elementor-button-content-wrapper\">\n\t\t\t\t\t\t\t\t\t<span class=\"elementor-button-text\">Prendre Rendez-vous<\/span>\n\t\t\t\t\t<\/span>\n\t\t\t\t\t<\/a>\n\t\t<\/div>\n\t\t\t\t<\/div>\n\t\t\t\t<\/div>\n\t\t\t\t\t<\/div>\n\t\t\t\t<\/div>\n\t\t\t\t<\/div>\n\t\t","protected":false},"excerpt":{"rendered":"<p>Risque cybers\u00e9curit\u00e9 Une question ? Qu&rsquo;est-ce que c&rsquo;est ? Une cyberattaque peut causer de graves dommages \u00e0 votre entreprise : syst\u00e8me informatique bloqu\u00e9, arr\u00eat de votre activit\u00e9, donn\u00e9es vol\u00e9es ou endommag\u00e9es. La couverture Cyber intervient pour vous accompagner dans la d\u00e9tection, l&rsquo;\u00e9radication de l&rsquo;attaque et la restauration de vos sauvegardes. Elle vous assiste \u00e9galement dans [&hellip;]<\/p>\n","protected":false},"author":1,"featured_media":0,"parent":0,"menu_order":0,"comment_status":"closed","ping_status":"closed","template":"","meta":{"site-sidebar-layout":"no-sidebar","site-content-layout":"","ast-site-content-layout":"full-width-container","site-content-style":"default","site-sidebar-style":"default","ast-global-header-display":"","ast-banner-title-visibility":"","ast-main-header-display":"","ast-hfb-above-header-display":"","ast-hfb-below-header-display":"","ast-hfb-mobile-header-display":"","site-post-title":"disabled","ast-breadcrumbs-content":"","ast-featured-img":"disabled","footer-sml-layout":"","theme-transparent-header-meta":"default","adv-header-id-meta":"","stick-header-meta":"","header-above-stick-meta":"","header-main-stick-meta":"","header-below-stick-meta":"","astra-migrate-meta-layouts":"set","ast-page-background-enabled":"default","ast-page-background-meta":{"desktop":{"background-color":"var(--ast-global-color-4)","background-image":"","background-repeat":"repeat","background-position":"center center","background-size":"auto","background-attachment":"scroll","background-type":"","background-media":"","overlay-type":"","overlay-color":"","overlay-gradient":""},"tablet":{"background-color":"","background-image":"","background-repeat":"repeat","background-position":"center center","background-size":"auto","background-attachment":"scroll","background-type":"","background-media":"","overlay-type":"","overlay-color":"","overlay-gradient":""},"mobile":{"background-color":"","background-image":"","background-repeat":"repeat","background-position":"center center","background-size":"auto","background-attachment":"scroll","background-type":"","background-media":"","overlay-type":"","overlay-color":"","overlay-gradient":""}},"ast-content-background-meta":{"desktop":{"background-color":"var(--ast-global-color-5)","background-image":"","background-repeat":"repeat","background-position":"center center","background-size":"auto","background-attachment":"scroll","background-type":"","background-media":"","overlay-type":"","overlay-color":"","overlay-gradient":""},"tablet":{"background-color":"var(--ast-global-color-5)","background-image":"","background-repeat":"repeat","background-position":"center center","background-size":"auto","background-attachment":"scroll","background-type":"","background-media":"","overlay-type":"","overlay-color":"","overlay-gradient":""},"mobile":{"background-color":"var(--ast-global-color-5)","background-image":"","background-repeat":"repeat","background-position":"center center","background-size":"auto","background-attachment":"scroll","background-type":"","background-media":"","overlay-type":"","overlay-color":"","overlay-gradient":""}},"footnotes":""},"class_list":["post-128","page","type-page","status-publish","hentry"],"yoast_head":"<!-- This site is optimized with the Yoast SEO plugin v25.0 - https:\/\/yoast.com\/wordpress\/plugins\/seo\/ -->\n<title>Risque Cybers\u00e9curit\u00e9 -<\/title>\n<meta name=\"robots\" content=\"index, follow, max-snippet:-1, max-image-preview:large, max-video-preview:-1\" \/>\n<link rel=\"canonical\" href=\"https:\/\/prefia-entreprise.fr\/index.php\/risque-cybersecurite\/\" \/>\n<meta property=\"og:locale\" content=\"fr_FR\" \/>\n<meta property=\"og:type\" content=\"article\" \/>\n<meta property=\"og:title\" content=\"Risque Cybers\u00e9curit\u00e9 -\" \/>\n<meta property=\"og:description\" content=\"Risque cybers\u00e9curit\u00e9 Une question ? Qu&rsquo;est-ce que c&rsquo;est ? Une cyberattaque peut causer de graves dommages \u00e0 votre entreprise : syst\u00e8me informatique bloqu\u00e9, arr\u00eat de votre activit\u00e9, donn\u00e9es vol\u00e9es ou endommag\u00e9es. La couverture Cyber intervient pour vous accompagner dans la d\u00e9tection, l&rsquo;\u00e9radication de l&rsquo;attaque et la restauration de vos sauvegardes. Elle vous assiste \u00e9galement dans [&hellip;]\" \/>\n<meta property=\"og:url\" content=\"https:\/\/prefia-entreprise.fr\/index.php\/risque-cybersecurite\/\" \/>\n<meta property=\"article:modified_time\" content=\"2024-06-24T07:12:54+00:00\" \/>\n<meta name=\"twitter:card\" content=\"summary_large_image\" \/>\n<meta name=\"twitter:label1\" content=\"Dur\u00e9e de lecture estim\u00e9e\" \/>\n\t<meta name=\"twitter:data1\" content=\"1 minute\" \/>\n<script type=\"application\/ld+json\" class=\"yoast-schema-graph\">{\"@context\":\"https:\/\/schema.org\",\"@graph\":[{\"@type\":\"WebPage\",\"@id\":\"https:\/\/prefia-entreprise.fr\/index.php\/risque-cybersecurite\/\",\"url\":\"https:\/\/prefia-entreprise.fr\/index.php\/risque-cybersecurite\/\",\"name\":\"Risque Cybers\u00e9curit\u00e9 -\",\"isPartOf\":{\"@id\":\"https:\/\/prefia-entreprise.fr\/#website\"},\"datePublished\":\"2024-06-17T14:41:54+00:00\",\"dateModified\":\"2024-06-24T07:12:54+00:00\",\"breadcrumb\":{\"@id\":\"https:\/\/prefia-entreprise.fr\/index.php\/risque-cybersecurite\/#breadcrumb\"},\"inLanguage\":\"fr-FR\",\"potentialAction\":[{\"@type\":\"ReadAction\",\"target\":[\"https:\/\/prefia-entreprise.fr\/index.php\/risque-cybersecurite\/\"]}]},{\"@type\":\"BreadcrumbList\",\"@id\":\"https:\/\/prefia-entreprise.fr\/index.php\/risque-cybersecurite\/#breadcrumb\",\"itemListElement\":[{\"@type\":\"ListItem\",\"position\":1,\"name\":\"Accueil\",\"item\":\"https:\/\/prefia-entreprise.fr\/\"},{\"@type\":\"ListItem\",\"position\":2,\"name\":\"Risque Cybers\u00e9curit\u00e9\"}]},{\"@type\":\"WebSite\",\"@id\":\"https:\/\/prefia-entreprise.fr\/#website\",\"url\":\"https:\/\/prefia-entreprise.fr\/\",\"name\":\"\",\"description\":\"\",\"potentialAction\":[{\"@type\":\"SearchAction\",\"target\":{\"@type\":\"EntryPoint\",\"urlTemplate\":\"https:\/\/prefia-entreprise.fr\/?s={search_term_string}\"},\"query-input\":{\"@type\":\"PropertyValueSpecification\",\"valueRequired\":true,\"valueName\":\"search_term_string\"}}],\"inLanguage\":\"fr-FR\"}]}<\/script>\n<!-- \/ Yoast SEO plugin. -->","yoast_head_json":{"title":"Risque Cybers\u00e9curit\u00e9 -","robots":{"index":"index","follow":"follow","max-snippet":"max-snippet:-1","max-image-preview":"max-image-preview:large","max-video-preview":"max-video-preview:-1"},"canonical":"https:\/\/prefia-entreprise.fr\/index.php\/risque-cybersecurite\/","og_locale":"fr_FR","og_type":"article","og_title":"Risque Cybers\u00e9curit\u00e9 -","og_description":"Risque cybers\u00e9curit\u00e9 Une question ? Qu&rsquo;est-ce que c&rsquo;est ? Une cyberattaque peut causer de graves dommages \u00e0 votre entreprise : syst\u00e8me informatique bloqu\u00e9, arr\u00eat de votre activit\u00e9, donn\u00e9es vol\u00e9es ou endommag\u00e9es. La couverture Cyber intervient pour vous accompagner dans la d\u00e9tection, l&rsquo;\u00e9radication de l&rsquo;attaque et la restauration de vos sauvegardes. Elle vous assiste \u00e9galement dans [&hellip;]","og_url":"https:\/\/prefia-entreprise.fr\/index.php\/risque-cybersecurite\/","article_modified_time":"2024-06-24T07:12:54+00:00","twitter_card":"summary_large_image","twitter_misc":{"Dur\u00e9e de lecture estim\u00e9e":"1 minute"},"schema":{"@context":"https:\/\/schema.org","@graph":[{"@type":"WebPage","@id":"https:\/\/prefia-entreprise.fr\/index.php\/risque-cybersecurite\/","url":"https:\/\/prefia-entreprise.fr\/index.php\/risque-cybersecurite\/","name":"Risque Cybers\u00e9curit\u00e9 -","isPartOf":{"@id":"https:\/\/prefia-entreprise.fr\/#website"},"datePublished":"2024-06-17T14:41:54+00:00","dateModified":"2024-06-24T07:12:54+00:00","breadcrumb":{"@id":"https:\/\/prefia-entreprise.fr\/index.php\/risque-cybersecurite\/#breadcrumb"},"inLanguage":"fr-FR","potentialAction":[{"@type":"ReadAction","target":["https:\/\/prefia-entreprise.fr\/index.php\/risque-cybersecurite\/"]}]},{"@type":"BreadcrumbList","@id":"https:\/\/prefia-entreprise.fr\/index.php\/risque-cybersecurite\/#breadcrumb","itemListElement":[{"@type":"ListItem","position":1,"name":"Accueil","item":"https:\/\/prefia-entreprise.fr\/"},{"@type":"ListItem","position":2,"name":"Risque Cybers\u00e9curit\u00e9"}]},{"@type":"WebSite","@id":"https:\/\/prefia-entreprise.fr\/#website","url":"https:\/\/prefia-entreprise.fr\/","name":"","description":"","potentialAction":[{"@type":"SearchAction","target":{"@type":"EntryPoint","urlTemplate":"https:\/\/prefia-entreprise.fr\/?s={search_term_string}"},"query-input":{"@type":"PropertyValueSpecification","valueRequired":true,"valueName":"search_term_string"}}],"inLanguage":"fr-FR"}]}},"_links":{"self":[{"href":"https:\/\/prefia-entreprise.fr\/index.php\/wp-json\/wp\/v2\/pages\/128","targetHints":{"allow":["GET"]}}],"collection":[{"href":"https:\/\/prefia-entreprise.fr\/index.php\/wp-json\/wp\/v2\/pages"}],"about":[{"href":"https:\/\/prefia-entreprise.fr\/index.php\/wp-json\/wp\/v2\/types\/page"}],"author":[{"embeddable":true,"href":"https:\/\/prefia-entreprise.fr\/index.php\/wp-json\/wp\/v2\/users\/1"}],"replies":[{"embeddable":true,"href":"https:\/\/prefia-entreprise.fr\/index.php\/wp-json\/wp\/v2\/comments?post=128"}],"version-history":[{"count":13,"href":"https:\/\/prefia-entreprise.fr\/index.php\/wp-json\/wp\/v2\/pages\/128\/revisions"}],"predecessor-version":[{"id":349,"href":"https:\/\/prefia-entreprise.fr\/index.php\/wp-json\/wp\/v2\/pages\/128\/revisions\/349"}],"wp:attachment":[{"href":"https:\/\/prefia-entreprise.fr\/index.php\/wp-json\/wp\/v2\/media?parent=128"}],"curies":[{"name":"wp","href":"https:\/\/api.w.org\/{rel}","templated":true}]}}