{"id":122,"date":"2024-06-17T16:41:22","date_gmt":"2024-06-17T14:41:22","guid":{"rendered":"https:\/\/prefia-entreprise.fr\/?page_id=122"},"modified":"2024-06-24T09:07:41","modified_gmt":"2024-06-24T07:07:41","slug":"multirisque-entreprise","status":"publish","type":"page","link":"https:\/\/prefia-entreprise.fr\/index.php\/multirisque-entreprise\/","title":{"rendered":"Multirisque Entreprise"},"content":{"rendered":"\t\t<div data-elementor-type=\"wp-page\" data-elementor-id=\"122\" class=\"elementor elementor-122\">\n\t\t\t\t<div class=\"elementor-element elementor-element-c2ba15d e-flex e-con-boxed e-con e-parent\" data-id=\"c2ba15d\" data-element_type=\"container\" data-settings=\"{&quot;background_background&quot;:&quot;classic&quot;}\">\n\t\t\t\t\t<div class=\"e-con-inner\">\n\t\t<div class=\"elementor-element elementor-element-9aae29e e-con-full e-flex e-con e-child\" data-id=\"9aae29e\" data-element_type=\"container\" data-settings=\"{&quot;background_background&quot;:&quot;classic&quot;}\">\n\t\t\t\t<div class=\"elementor-element elementor-element-32fc61e elementor-widget elementor-widget-heading\" data-id=\"32fc61e\" data-element_type=\"widget\" data-widget_type=\"heading.default\">\n\t\t\t\t<div class=\"elementor-widget-container\">\n\t\t\t<style>\/*! elementor - v3.22.0 - 26-06-2024 *\/\n.elementor-heading-title{padding:0;margin:0;line-height:1}.elementor-widget-heading .elementor-heading-title[class*=elementor-size-]>a{color:inherit;font-size:inherit;line-height:inherit}.elementor-widget-heading .elementor-heading-title.elementor-size-small{font-size:15px}.elementor-widget-heading .elementor-heading-title.elementor-size-medium{font-size:19px}.elementor-widget-heading .elementor-heading-title.elementor-size-large{font-size:29px}.elementor-widget-heading .elementor-heading-title.elementor-size-xl{font-size:39px}.elementor-widget-heading .elementor-heading-title.elementor-size-xxl{font-size:59px}<\/style><h2 class=\"elementor-heading-title elementor-size-default\">Multirisque Entreprise<\/h2>\t\t<\/div>\n\t\t\t\t<\/div>\n\t\t\t\t<div class=\"elementor-element elementor-element-a9959c9 elementor-widget elementor-widget-button\" data-id=\"a9959c9\" data-element_type=\"widget\" data-widget_type=\"button.default\">\n\t\t\t\t<div class=\"elementor-widget-container\">\n\t\t\t\t\t<div class=\"elementor-button-wrapper\">\n\t\t\t<a class=\"elementor-button elementor-button-link elementor-size-sm\" href=\"https:\/\/prefia-entreprise.fr\/index.php\/contactez-nous\/\">\n\t\t\t\t\t\t<span class=\"elementor-button-content-wrapper\">\n\t\t\t\t\t\t\t\t\t<span class=\"elementor-button-text\">Une question ?<\/span>\n\t\t\t\t\t<\/span>\n\t\t\t\t\t<\/a>\n\t\t<\/div>\n\t\t\t\t<\/div>\n\t\t\t\t<\/div>\n\t\t\t\t<\/div>\n\t\t\t\t\t<\/div>\n\t\t\t\t<\/div>\n\t\t<div class=\"elementor-element elementor-element-3ea026a e-flex e-con-boxed e-con e-parent\" data-id=\"3ea026a\" data-element_type=\"container\">\n\t\t\t\t\t<div class=\"e-con-inner\">\n\t\t<div class=\"elementor-element elementor-element-1cd855b e-con-full e-flex e-con e-child\" data-id=\"1cd855b\" data-element_type=\"container\" data-settings=\"{&quot;background_background&quot;:&quot;classic&quot;}\">\n\t\t\t\t<div class=\"elementor-element elementor-element-e3fde25 elementor-widget elementor-widget-heading\" data-id=\"e3fde25\" data-element_type=\"widget\" data-widget_type=\"heading.default\">\n\t\t\t\t<div class=\"elementor-widget-container\">\n\t\t\t<h2 class=\"elementor-heading-title elementor-size-default\">Qu'est-ce que c'est ?<\/h2>\t\t<\/div>\n\t\t\t\t<\/div>\n\t\t\t\t<div class=\"elementor-element elementor-element-e970e39 elementor-widget elementor-widget-text-editor\" data-id=\"e970e39\" data-element_type=\"widget\" data-widget_type=\"text-editor.default\">\n\t\t\t\t<div class=\"elementor-widget-container\">\n\t\t\t<style>\/*! elementor - v3.22.0 - 26-06-2024 *\/\n.elementor-widget-text-editor.elementor-drop-cap-view-stacked .elementor-drop-cap{background-color:#69727d;color:#fff}.elementor-widget-text-editor.elementor-drop-cap-view-framed .elementor-drop-cap{color:#69727d;border:3px solid;background-color:transparent}.elementor-widget-text-editor:not(.elementor-drop-cap-view-default) .elementor-drop-cap{margin-top:8px}.elementor-widget-text-editor:not(.elementor-drop-cap-view-default) .elementor-drop-cap-letter{width:1em;height:1em}.elementor-widget-text-editor .elementor-drop-cap{float:left;text-align:center;line-height:1;font-size:50px}.elementor-widget-text-editor .elementor-drop-cap-letter{display:inline-block}<\/style>\t\t\t\t<p>Vous exercez vos activit\u00e9s dans des <strong>bureaux<\/strong>, un <strong>commerce<\/strong>, un <strong>site de production industriel<\/strong>, un <strong>atelier<\/strong> ou un <strong>site de stockage<\/strong>. L&rsquo;assurance <strong>Multirisque entreprise<\/strong> est souscrite pour prot\u00e9ger vos <strong>biens professionnels<\/strong>, vos <strong>machines<\/strong>, votre <strong>stock<\/strong>, votre <strong>perte d&rsquo;exploitation<\/strong> ou votre <strong>fonds de commerce<\/strong>.<\/p><p>Elle couvre aussi vos <strong>b\u00e2timents<\/strong> ou vos <strong>risques locatifs<\/strong>, si vous \u00eates responsable des <strong>dommages caus\u00e9s aux biens immobiliers<\/strong> du propri\u00e9taire non-occupant.<\/p>\t\t\t\t\t\t<\/div>\n\t\t\t\t<\/div>\n\t\t\t\t<\/div>\n\t\t<div class=\"elementor-element elementor-element-c4c738f e-con-full e-flex e-con e-child\" data-id=\"c4c738f\" data-element_type=\"container\" data-settings=\"{&quot;background_background&quot;:&quot;classic&quot;}\">\n\t\t\t\t<div class=\"elementor-element elementor-element-727ab0e elementor-widget elementor-widget-heading\" data-id=\"727ab0e\" data-element_type=\"widget\" data-widget_type=\"heading.default\">\n\t\t\t\t<div class=\"elementor-widget-container\">\n\t\t\t<h2 class=\"elementor-heading-title elementor-size-default\">Quelles garanties ?<\/h2>\t\t<\/div>\n\t\t\t\t<\/div>\n\t\t\t\t<div class=\"elementor-element elementor-element-28729cc elementor-widget elementor-widget-text-editor\" data-id=\"28729cc\" data-element_type=\"widget\" data-widget_type=\"text-editor.default\">\n\t\t\t\t<div class=\"elementor-widget-container\">\n\t\t\t\t\t\t\t<p class=\"body\" dir=\"auto\" data-pm-slice=\"1 1 []\">La prise en charge des dommages caus\u00e9s par un <strong>incendie<\/strong>, une <strong>explosion<\/strong>, un <strong>\u00e9v\u00e9nement climatique<\/strong>, un <strong>d\u00e9g\u00e2t des eaux<\/strong>ou un <strong>vol<\/strong> sont celles qui vous viennent en premier. Mais votre contrat peut aussi int\u00e9grer l&rsquo;assurance de votre <strong>perte d&rsquo;exploitation<\/strong>, la <strong>perte de vos mat\u00e9riels ou marchandises<\/strong> transport\u00e9s dans vos v\u00e9hicules, le <strong>bris de mat\u00e9riel informatique ou de production<\/strong>, ou la <strong>protection juridique<\/strong>. Certains contrats pr\u00e9voient m\u00eame une rubrique <strong>\u00ab\u00a0Autres dommages\u00a0\u00bb<\/strong> pour couvrir tous les \u00e9v\u00e9nements auxquels on n&rsquo;a pas pens\u00e9.<\/p>\t\t\t\t\t\t<\/div>\n\t\t\t\t<\/div>\n\t\t\t\t<\/div>\n\t\t<div class=\"elementor-element elementor-element-0103b06 e-con-full e-flex e-con e-child\" data-id=\"0103b06\" data-element_type=\"container\" data-settings=\"{&quot;background_background&quot;:&quot;classic&quot;}\">\n\t\t\t\t<div class=\"elementor-element elementor-element-16f5f9a elementor-widget elementor-widget-heading\" data-id=\"16f5f9a\" data-element_type=\"widget\" data-widget_type=\"heading.default\">\n\t\t\t\t<div class=\"elementor-widget-container\">\n\t\t\t<h2 class=\"elementor-heading-title elementor-size-default\">Quels avantages ?<\/h2>\t\t<\/div>\n\t\t\t\t<\/div>\n\t\t\t\t<div class=\"elementor-element elementor-element-289f211 elementor-widget elementor-widget-text-editor\" data-id=\"289f211\" data-element_type=\"widget\" data-widget_type=\"text-editor.default\">\n\t\t\t\t<div class=\"elementor-widget-container\">\n\t\t\t\t\t\t\t<p>Indemniser vos <strong>dommages<\/strong>, vous aider \u00e0 repartir rapidement apr\u00e8s un <strong>sinistre important<\/strong>. Prendre en charge votre <strong>perte de marge brute<\/strong> si vous ne pouvez pas red\u00e9marrer rapidement.<\/p><p>L&rsquo;assurance <strong>Multirisque Professionnelle<\/strong> est le <strong>couteau suisse<\/strong>, l&rsquo;outil <strong>indispensable<\/strong> et modulable de votre entreprise : vous y mettez ce qui est important pour vous.<\/p>\t\t\t\t\t\t<\/div>\n\t\t\t\t<\/div>\n\t\t\t\t<\/div>\n\t\t<div class=\"elementor-element elementor-element-68bbcfe e-con-full e-flex e-con e-child\" data-id=\"68bbcfe\" data-element_type=\"container\" data-settings=\"{&quot;background_background&quot;:&quot;classic&quot;}\">\n\t\t\t\t<div class=\"elementor-element elementor-element-c4be873 elementor-widget elementor-widget-heading\" data-id=\"c4be873\" data-element_type=\"widget\" data-widget_type=\"heading.default\">\n\t\t\t\t<div class=\"elementor-widget-container\">\n\t\t\t<h2 class=\"elementor-heading-title elementor-size-default\">Pour qui ?<\/h2>\t\t<\/div>\n\t\t\t\t<\/div>\n\t\t\t\t<div class=\"elementor-element elementor-element-756fefa elementor-widget elementor-widget-text-editor\" data-id=\"756fefa\" data-element_type=\"widget\" data-widget_type=\"text-editor.default\">\n\t\t\t\t<div class=\"elementor-widget-container\">\n\t\t\t\t\t\t\t<p>Tous les <strong>entrepreneurs<\/strong>, quelle que soit leur <strong>activit\u00e9<\/strong>, la <strong>valeur de leurs biens<\/strong>, de leurs <strong>stocks<\/strong> ou leur <strong>chiffre d&rsquo;affaires<\/strong>.<\/p><p>La seule question est : \u00ab\u00a0Comment bien m\u2019assurer et mon contrat respecte-t-il bien mes engagements, notamment vis-\u00e0-vis du <strong>propri\u00e9taire des b\u00e2timents<\/strong> ?\u00a0\u00bb<\/p><p>Nous sommes l\u00e0 pour y r\u00e9pondre avec vous.<\/p>\t\t\t\t\t\t<\/div>\n\t\t\t\t<\/div>\n\t\t\t\t<\/div>\n\t\t\t\t\t<\/div>\n\t\t\t\t<\/div>\n\t\t<div class=\"elementor-element elementor-element-4f1e88d e-flex e-con-boxed e-con e-parent\" data-id=\"4f1e88d\" data-element_type=\"container\">\n\t\t\t\t\t<div class=\"e-con-inner\">\n\t\t\t\t<div class=\"elementor-element elementor-element-a1ca725 elementor-align-center elementor-widget elementor-widget-button\" data-id=\"a1ca725\" data-element_type=\"widget\" data-widget_type=\"button.default\">\n\t\t\t\t<div class=\"elementor-widget-container\">\n\t\t\t\t\t<div class=\"elementor-button-wrapper\">\n\t\t\t<a class=\"elementor-button elementor-button-link elementor-size-sm\" href=\"https:\/\/calendar.app.google\/3bQx5AiwmtYEbFBP9\" target=\"_blank\">\n\t\t\t\t\t\t<span class=\"elementor-button-content-wrapper\">\n\t\t\t\t\t\t\t\t\t<span class=\"elementor-button-text\">Prendre Rendez-vous<\/span>\n\t\t\t\t\t<\/span>\n\t\t\t\t\t<\/a>\n\t\t<\/div>\n\t\t\t\t<\/div>\n\t\t\t\t<\/div>\n\t\t\t\t\t<\/div>\n\t\t\t\t<\/div>\n\t\t\t\t<\/div>\n\t\t","protected":false},"excerpt":{"rendered":"<p>Multirisque Entreprise Une question ? Qu&rsquo;est-ce que c&rsquo;est ? Vous exercez vos activit\u00e9s dans des bureaux, un commerce, un site de production industriel, un atelier ou un site de stockage. L&rsquo;assurance Multirisque entreprise est souscrite pour prot\u00e9ger vos biens professionnels, vos machines, votre stock, votre perte d&rsquo;exploitation ou votre fonds de commerce. Elle couvre aussi [&hellip;]<\/p>\n","protected":false},"author":1,"featured_media":0,"parent":0,"menu_order":0,"comment_status":"closed","ping_status":"closed","template":"","meta":{"site-sidebar-layout":"no-sidebar","site-content-layout":"","ast-site-content-layout":"full-width-container","site-content-style":"default","site-sidebar-style":"default","ast-global-header-display":"","ast-banner-title-visibility":"","ast-main-header-display":"","ast-hfb-above-header-display":"","ast-hfb-below-header-display":"","ast-hfb-mobile-header-display":"","site-post-title":"disabled","ast-breadcrumbs-content":"","ast-featured-img":"disabled","footer-sml-layout":"","theme-transparent-header-meta":"default","adv-header-id-meta":"","stick-header-meta":"","header-above-stick-meta":"","header-main-stick-meta":"","header-below-stick-meta":"","astra-migrate-meta-layouts":"set","ast-page-background-enabled":"default","ast-page-background-meta":{"desktop":{"background-color":"var(--ast-global-color-4)","background-image":"","background-repeat":"repeat","background-position":"center center","background-size":"auto","background-attachment":"scroll","background-type":"","background-media":"","overlay-type":"","overlay-color":"","overlay-gradient":""},"tablet":{"background-color":"","background-image":"","background-repeat":"repeat","background-position":"center center","background-size":"auto","background-attachment":"scroll","background-type":"","background-media":"","overlay-type":"","overlay-color":"","overlay-gradient":""},"mobile":{"background-color":"","background-image":"","background-repeat":"repeat","background-position":"center center","background-size":"auto","background-attachment":"scroll","background-type":"","background-media":"","overlay-type":"","overlay-color":"","overlay-gradient":""}},"ast-content-background-meta":{"desktop":{"background-color":"var(--ast-global-color-5)","background-image":"","background-repeat":"repeat","background-position":"center center","background-size":"auto","background-attachment":"scroll","background-type":"","background-media":"","overlay-type":"","overlay-color":"","overlay-gradient":""},"tablet":{"background-color":"var(--ast-global-color-5)","background-image":"","background-repeat":"repeat","background-position":"center center","background-size":"auto","background-attachment":"scroll","background-type":"","background-media":"","overlay-type":"","overlay-color":"","overlay-gradient":""},"mobile":{"background-color":"var(--ast-global-color-5)","background-image":"","background-repeat":"repeat","background-position":"center center","background-size":"auto","background-attachment":"scroll","background-type":"","background-media":"","overlay-type":"","overlay-color":"","overlay-gradient":""}},"footnotes":""},"class_list":["post-122","page","type-page","status-publish","hentry"],"yoast_head":"<!-- This site is optimized with the Yoast SEO plugin v25.0 - https:\/\/yoast.com\/wordpress\/plugins\/seo\/ -->\n<title>Multirisque Entreprise -<\/title>\n<meta name=\"robots\" content=\"index, follow, max-snippet:-1, max-image-preview:large, max-video-preview:-1\" \/>\n<link rel=\"canonical\" href=\"https:\/\/prefia-entreprise.fr\/index.php\/multirisque-entreprise\/\" \/>\n<meta property=\"og:locale\" content=\"fr_FR\" \/>\n<meta property=\"og:type\" content=\"article\" \/>\n<meta property=\"og:title\" content=\"Multirisque Entreprise -\" \/>\n<meta property=\"og:description\" content=\"Multirisque Entreprise Une question ? Qu&rsquo;est-ce que c&rsquo;est ? Vous exercez vos activit\u00e9s dans des bureaux, un commerce, un site de production industriel, un atelier ou un site de stockage. L&rsquo;assurance Multirisque entreprise est souscrite pour prot\u00e9ger vos biens professionnels, vos machines, votre stock, votre perte d&rsquo;exploitation ou votre fonds de commerce. Elle couvre aussi [&hellip;]\" \/>\n<meta property=\"og:url\" content=\"https:\/\/prefia-entreprise.fr\/index.php\/multirisque-entreprise\/\" \/>\n<meta property=\"article:modified_time\" content=\"2024-06-24T07:07:41+00:00\" \/>\n<meta name=\"twitter:card\" content=\"summary_large_image\" \/>\n<meta name=\"twitter:label1\" content=\"Dur\u00e9e de lecture estim\u00e9e\" \/>\n\t<meta name=\"twitter:data1\" content=\"1 minute\" \/>\n<script type=\"application\/ld+json\" class=\"yoast-schema-graph\">{\"@context\":\"https:\/\/schema.org\",\"@graph\":[{\"@type\":\"WebPage\",\"@id\":\"https:\/\/prefia-entreprise.fr\/index.php\/multirisque-entreprise\/\",\"url\":\"https:\/\/prefia-entreprise.fr\/index.php\/multirisque-entreprise\/\",\"name\":\"Multirisque Entreprise -\",\"isPartOf\":{\"@id\":\"https:\/\/prefia-entreprise.fr\/#website\"},\"datePublished\":\"2024-06-17T14:41:22+00:00\",\"dateModified\":\"2024-06-24T07:07:41+00:00\",\"breadcrumb\":{\"@id\":\"https:\/\/prefia-entreprise.fr\/index.php\/multirisque-entreprise\/#breadcrumb\"},\"inLanguage\":\"fr-FR\",\"potentialAction\":[{\"@type\":\"ReadAction\",\"target\":[\"https:\/\/prefia-entreprise.fr\/index.php\/multirisque-entreprise\/\"]}]},{\"@type\":\"BreadcrumbList\",\"@id\":\"https:\/\/prefia-entreprise.fr\/index.php\/multirisque-entreprise\/#breadcrumb\",\"itemListElement\":[{\"@type\":\"ListItem\",\"position\":1,\"name\":\"Accueil\",\"item\":\"https:\/\/prefia-entreprise.fr\/\"},{\"@type\":\"ListItem\",\"position\":2,\"name\":\"Multirisque Entreprise\"}]},{\"@type\":\"WebSite\",\"@id\":\"https:\/\/prefia-entreprise.fr\/#website\",\"url\":\"https:\/\/prefia-entreprise.fr\/\",\"name\":\"\",\"description\":\"\",\"potentialAction\":[{\"@type\":\"SearchAction\",\"target\":{\"@type\":\"EntryPoint\",\"urlTemplate\":\"https:\/\/prefia-entreprise.fr\/?s={search_term_string}\"},\"query-input\":{\"@type\":\"PropertyValueSpecification\",\"valueRequired\":true,\"valueName\":\"search_term_string\"}}],\"inLanguage\":\"fr-FR\"}]}<\/script>\n<!-- \/ Yoast SEO plugin. -->","yoast_head_json":{"title":"Multirisque Entreprise -","robots":{"index":"index","follow":"follow","max-snippet":"max-snippet:-1","max-image-preview":"max-image-preview:large","max-video-preview":"max-video-preview:-1"},"canonical":"https:\/\/prefia-entreprise.fr\/index.php\/multirisque-entreprise\/","og_locale":"fr_FR","og_type":"article","og_title":"Multirisque Entreprise -","og_description":"Multirisque Entreprise Une question ? Qu&rsquo;est-ce que c&rsquo;est ? Vous exercez vos activit\u00e9s dans des bureaux, un commerce, un site de production industriel, un atelier ou un site de stockage. L&rsquo;assurance Multirisque entreprise est souscrite pour prot\u00e9ger vos biens professionnels, vos machines, votre stock, votre perte d&rsquo;exploitation ou votre fonds de commerce. Elle couvre aussi [&hellip;]","og_url":"https:\/\/prefia-entreprise.fr\/index.php\/multirisque-entreprise\/","article_modified_time":"2024-06-24T07:07:41+00:00","twitter_card":"summary_large_image","twitter_misc":{"Dur\u00e9e de lecture estim\u00e9e":"1 minute"},"schema":{"@context":"https:\/\/schema.org","@graph":[{"@type":"WebPage","@id":"https:\/\/prefia-entreprise.fr\/index.php\/multirisque-entreprise\/","url":"https:\/\/prefia-entreprise.fr\/index.php\/multirisque-entreprise\/","name":"Multirisque Entreprise -","isPartOf":{"@id":"https:\/\/prefia-entreprise.fr\/#website"},"datePublished":"2024-06-17T14:41:22+00:00","dateModified":"2024-06-24T07:07:41+00:00","breadcrumb":{"@id":"https:\/\/prefia-entreprise.fr\/index.php\/multirisque-entreprise\/#breadcrumb"},"inLanguage":"fr-FR","potentialAction":[{"@type":"ReadAction","target":["https:\/\/prefia-entreprise.fr\/index.php\/multirisque-entreprise\/"]}]},{"@type":"BreadcrumbList","@id":"https:\/\/prefia-entreprise.fr\/index.php\/multirisque-entreprise\/#breadcrumb","itemListElement":[{"@type":"ListItem","position":1,"name":"Accueil","item":"https:\/\/prefia-entreprise.fr\/"},{"@type":"ListItem","position":2,"name":"Multirisque Entreprise"}]},{"@type":"WebSite","@id":"https:\/\/prefia-entreprise.fr\/#website","url":"https:\/\/prefia-entreprise.fr\/","name":"","description":"","potentialAction":[{"@type":"SearchAction","target":{"@type":"EntryPoint","urlTemplate":"https:\/\/prefia-entreprise.fr\/?s={search_term_string}"},"query-input":{"@type":"PropertyValueSpecification","valueRequired":true,"valueName":"search_term_string"}}],"inLanguage":"fr-FR"}]}},"_links":{"self":[{"href":"https:\/\/prefia-entreprise.fr\/index.php\/wp-json\/wp\/v2\/pages\/122","targetHints":{"allow":["GET"]}}],"collection":[{"href":"https:\/\/prefia-entreprise.fr\/index.php\/wp-json\/wp\/v2\/pages"}],"about":[{"href":"https:\/\/prefia-entreprise.fr\/index.php\/wp-json\/wp\/v2\/types\/page"}],"author":[{"embeddable":true,"href":"https:\/\/prefia-entreprise.fr\/index.php\/wp-json\/wp\/v2\/users\/1"}],"replies":[{"embeddable":true,"href":"https:\/\/prefia-entreprise.fr\/index.php\/wp-json\/wp\/v2\/comments?post=122"}],"version-history":[{"count":25,"href":"https:\/\/prefia-entreprise.fr\/index.php\/wp-json\/wp\/v2\/pages\/122\/revisions"}],"predecessor-version":[{"id":340,"href":"https:\/\/prefia-entreprise.fr\/index.php\/wp-json\/wp\/v2\/pages\/122\/revisions\/340"}],"wp:attachment":[{"href":"https:\/\/prefia-entreprise.fr\/index.php\/wp-json\/wp\/v2\/media?parent=122"}],"curies":[{"name":"wp","href":"https:\/\/api.w.org\/{rel}","templated":true}]}}